 2*s - 22, -f + 5*s - s = -12. Let g be y(f). What is the greatest common divisor of g and 26?
26
Let p(a) = -3*a + 28. Let h be p(8). Suppose h*n - 5*g = -0*g + 70, -4*g = 5*n - 67. Calculate the highest common factor of 255 and n.
15
Let d(c) = -26 + 5 + 15 + 29*c + 13. Let y be d(2). Calculate the greatest common divisor of 13 and y.
13
Suppose 0*k = 3*k + 4*y - 15, -2*y + 5 = k. Suppose -4*a = -5*h + 330, -314 = -5*h - k*a + 16. What is the greatest common factor of 6 and h?
6
Let b(u) = 12*u - 284. Let y be b(36). Calculate the highest common factor of 222 and y.
74
Let i(b) = -11*b - 1. Let h be i(-2). Let n(g) = g**3 + 19*g**2 - 28*g + 29. Let m be n(-20). Calculate the highest common factor of m and h.
21
Let h be ((3 - -26) + 7)*2. What is the highest common divisor of h and 24?
24
Let v = 797 + -795. What is the highest common divisor of v and 106?
2
Let w(q) = 9*q**2 - 128*q - 402. Let x be w(-3). Suppose 0*d = -d + 42. What is the greatest common divisor of d and x?
21
Suppose 5*q = 4*a + 24, 3*q + 3*a - 8 = 28. What is the highest common factor of q and 212?
4
Let k(r) = -r**2 - 6*r + 23. Let z be k(-8). Calculate the highest common factor of 1 and z.
1
Let x(t) be the first derivative of 5*t**3/3 - 2*t**2 - 3*t + 13. Let j be x(-3). What is the highest common divisor of j and 6?
6
Let s(j) = 83*j**2 + 14*j - 85. Let t be s(5). Calculate the highest common divisor of t and 20.
20
Let d be (3 + (-30)/9)*-18. Let w be 12/(-16) + 1068/16. What is the highest common divisor of w and d?
6
Let d(p) = -p + 2. Suppose -4*r - 1 = 7. Let w be d(r). Let h be -68*((-21)/(-6) - w). Calculate the greatest common factor of 51 and h.
17
Suppose -100*y + 123*y - 552 = 0. Calculate the highest common divisor of y and 732.
12
Suppose 21 = 4*f - 3*f - 2*y, 0 = 4*f + y - 84. Let u = -1 + f. What is the highest common factor of 80 and u?
20
Let p be (14/5)/(3/15). Let s(a) be the first derivative of -7*a**2/2 + 11. Let o be s(-5). What is the greatest common factor of p and o?
7
Let r be 54/(-15)*60/(-9). Let q be (28/21)/(2/r). What is the greatest common divisor of q and 2?
2
Suppose -14*r + 236 = -44. Suppose a = 13 - 3. Calculate the greatest common factor of a and r.
10
Let w(a) be the second derivative of a**4/6 + 19*a**3/6 + 2*a**2 - 7*a. Let y be w(-10). What is the highest common factor of 35 and y?
7
Let h = 31 + 17. Suppose -w + h = 2*w. What is the greatest common factor of 24 and w?
8
Let r(a) = a**3 + 7*a**2 - 38*a - 62. Let y be r(-7). Calculate the highest common divisor of y and 84.
12
Let v = 16 - -1. Let r(y) = -2*y - 21. Let q be r(-6). Let g be 133/1 + q + 12. Calculate the greatest common divisor of g and v.
17
Let x = -16 - -21. Suppose -4*m - m + 155 = x*b, m - 66 = -2*b. Calculate the highest common divisor of b and 7.
7
Suppose -25*v = -26*v + 10. Suppose 4*u + 216 = v*u. What is the greatest common factor of 108 and u?
36
Let w(d) = d**3 + 9*d**2 + 8*d + 3. Let n be w(-8). Suppose n*t = v + 28 + 75, 5*v + 73 = 2*t. Calculate the highest common factor of t and 306.
34
Let c be (10/(-3))/(14/(-21)). Suppose c*m - 6 = -36. Let y be 2/((m/(-27))/1). What is the greatest common factor of y and 6?
3
Suppose -10*z + 14 = -11*z. Let i be 21/z*-38*(-3)/(-9). What is the highest common divisor of 19 and i?
19
Let k be (-3)/(1*1/(-12)). Suppose 0 = 10*q - 760 + 720. What is the highest common factor of k and q?
4
Let q be 2 + 1 + 10 + -2. Suppose 6*t = 339 - 9. Calculate the greatest common factor of q and t.
11
Suppose -108 - 117 = -3*o. Let q be (-4 + -4)*(-4 + (-8)/(-32)). What is the highest common divisor of q and o?
15
Let w(c) be the third derivative of -c**5/60 + 13*c**4/24 - 10*c**3/3 + 10*c**2. Let z be w(9). Calculate the highest common divisor of 8 and z.
8
Let a(n) be the first derivative of 4/3*n**3 - 2*n**2 + 2*n + 4. Let h be a(4). Calculate the highest common factor of h and 10.
10
Let g(d) = -d**2 + 11*d - 2. Let r be g(8). Let k = r - 1. Suppose 5*s - 7*j + 4*j - 73 = 0, -4*j + 52 = 4*s. Calculate the greatest common divisor of k and s.
7
Suppose 2*d = -2*h + 454, 5*d = 2*d + 3*h + 699. What is the greatest common factor of d and 20?
10
Suppose -6*k + 458 = -118. Calculate the highest common divisor of 32 and k.
32
Let k = 4921 - 2113. Calculate the highest common factor of k and 104.
104
Let r(g) = 24*g - 440. Let x be r(21). What is the greatest common factor of x and 12?
4
Let o(q) = -q**2 - 1. Let p be o(0). Let c be -7 + 7 + (p - -4). Let n be 0 + c + 1903/11. What is the greatest common factor of n and 16?
16
Suppose 14*r - 73 = -3. Suppose r*j + 2 = 47. What is the greatest common factor of j and 18?
9
Let s be (1/2)/((-1)/4). Let h(v) = -4*v - 3. Let t be h(s). What is the greatest common divisor of 55 and t?
5
Let l be 33/1*(-20)/(-15). Let o = 50 - l. What is the greatest common factor of o and 48?
6
Suppose 141 - 25 = 2*h. Let v = 7 + h. Suppose 0 = 5*c + i + 4*i - 155, 3*i = 15. What is the highest common divisor of c and v?
13
Let a = 24 + -21. Suppose 0 = -0*y - a*y - 5*f + 503, 2*y = -3*f + 334. What is the greatest common divisor of y and 23?
23
Let k = 279 + -266. Let z = 31 - 18. Calculate the highest common factor of z and k.
13
Let k(c) = c**3 - 17*c**2 + 13*c + 63. Let i be k(16). What is the highest common divisor of i and 15?
15
Suppose 4*x - 164 - 396 = 0. Suppose -2*a = -108 - 208. Suppose 0*p - 4*p + x = 2*c, -2*c + 2*p + a = 0. What is the greatest common factor of c and 19?
19
Suppose -8*m - 193 = -273. What is the greatest common divisor of m and 160?
10
Suppose 86*d = 88*d - 2. Let t(a) = 6*a**3 - a. Let p be t(1). Suppose p*r + 4*f = 5, r - f - 5 = -4*r. Calculate the greatest common factor of r and d.
1
Suppose 0*h - 2*h = -30. Let t be 898/10 + (-1 + 4)/15. Let j = 96 - t. What is the greatest common divisor of j and h?
3
Suppose 2*u = 2*p - 0*u - 106, -2*p + 109 = u. What is the greatest common divisor of 72 and p?
18
Let b(l) = 2*l**2 + 7*l + 12. Let u be b(-3). Let y = 0 + 45. Calculate the greatest common factor of u and y.
9
Let i be 70/(-14)*(-168)/20. What is the greatest common factor of i and 238?
14
Let a = -515 - -520. Calculate the highest common divisor of a and 95.
5
Let f be 117/7 - (-20)/70. Let x = -38 - -72. What is the greatest common divisor of f and x?
17
Suppose -19898 + 4022 = -28*y. What is the greatest common factor of 126 and y?
63
Let i be 189/2 + -1 + 3/2. What is the greatest common divisor of 76 and i?
19
Suppose 17 + 7 = w. Let l be (-18)/w + (-75)/(-4). Calculate the highest common factor of l and 90.
18
Let n be 5/(1 - 6*(-8)/(-60)). Calculate the greatest common factor of 225 and n.
25
Let l(h) = 5*h - 15. Let x be l(4). Let r(z) = 14*z + x*z - 3*z - 10. Let c be r(5). Calculate the highest common divisor of 35 and c.
35
Let b(u) = 2*u**3 + u**2 + u + 1. Let o be b(0). Let x be (2 + o)*(-24)/(-18). What is the greatest common factor of x and 20?
4
Let w(j) = -j**2 - 18*j - 9. Let u be w(-11). What is the highest common factor of u and 374?
34
Let q be ((-101)/4)/(3/(-12)). Suppose -5*d + j + 34 + 184 = 0, -2*d + 5*j + q = 0. What is the greatest common divisor of 172 and d?
43
Let f = -108 + 185. Calculate the greatest common divisor of 1001 and f.
77
Suppose -215*b - 236 = -274*b. Suppose 5*r + 3 - 13 = 0. Let f be (-3)/r*(-56)/3. Calculate the greatest common factor of f and b.
4
Suppose -91*z + 8 = -89*z. Let k(d) = -23*d**2. Let c(r) = 6*r**2. Let n(w) = 9*c(w) + 2*k(w). Let x be n(-2). Calculate the highest common divisor of z and x.
4
Let v be -1 + (910/(-28))/(1/(-2)). What is the highest common divisor of v and 2368?
64
Let j be -4*(19/(-4) - 52/13). Suppose 48 = 39*n - j*n. What is the greatest common factor of 108 and n?
12
Let j(g) = -g**2 - 21*g - 22. Let r be j(-14). What is the greatest common factor of r and 38?
38
Suppose 0 = -4*n + 5*n - 8. Calculate the highest common factor of 2 and n.
2
Let c = -22 - 46. Let s = -36 - c. What is the greatest common divisor of 352 and s?
32
Let z = -85 + 91. Suppose -3*p = -17 - 1. What is the highest common divisor of z and p?
6
Let j be -2 + -1 - (-816 - 3). What is the highest common divisor of j and 48?
48
Let b be (231/(-44))/((-1)/44). Calculate the highest common factor of 11 and b.
11
Le